-2 + 3). Let k be 4/h - 1866/(-14). Calculate the highest common factor of i and k.
19
Let k(i) = i**3 - 13*i**2 - 15*i + 9. Let z be k(15). What is the greatest common divisor of z and 54?
18
Let d be 19*((-35)/(-4)*4 + 1). Calculate the greatest common divisor of 19 and d.
19
Suppose 16 = -4*j - 5*y - 94, 5*j = 5*y - 160. Let d = -9 - j. What is the greatest common factor of d and 105?
21
Let l be 48/(6/1) + 811. What is the highest common divisor of l and 126?
63
Let n(z) = z**2 + 4*z - 9. Let r be n(-6). Suppose -b + r*k - 1 = -3, -4*b + 42 = 5*k. What is the greatest common factor of b and 64?
8
Let a(y) = -y**3 - 10*y**2 - 11*y. Let g = 23 + -32. Let f be a(g). Calculate the highest common divisor of 4 and f.
2
Let n = 6 - -6. Calculate the highest common factor of n and 96.
12
Suppose 523 = 8*v - 117. What is the highest common factor of 128 and v?
16
Suppose 0 = 3*s - 19 + 70. Let p = -16 - s. Calculate the greatest common divisor of p and 1.
1
Let r(u) = -290*u - 201. Let x be r(-6). Calculate the greatest common factor of 19 and x.
19
Let i(g) = 10*g + 3. Suppose 8*a - 4*a = 24. Let s be i(a). Let z = -18 - -25. What is the greatest common divisor of z and s?
7
Let k = 1732 - 1630. What is the highest common factor of 850 and k?
34
Let o be (11 - 3 - 0)/1. Let p be 240/(-2)*(-4)/o. Suppose -5*i + n = 6*n - p, -2*n - 8 = 0. What is the greatest common factor of i and 128?
16
Suppose 2*h = 5*s + 36, -2*h + 0*h = 4*s. What is the highest common factor of 248 and h?
8
Suppose -3*j - a = 3*a + 6, 3*a = 5*j - 19. Suppose -4*n + 43 = 3*s, 2*n + j*s - 12 = n. What is the highest common factor of n and 6?
2
Suppose 13*q = -619 + 671. Suppose 2*t = n - 26, -2*n - 3*t + 47 = -12. Calculate the greatest common factor of q and n.
4
Let i(s) = 2*s + 2. Let h be i(8). Calculate the highest common factor of h and 45.
9
Let q(l) = 0 - l + 2*l - 5 - 2*l. Suppose 4*m - 3*m - 15 = 5*x, 0 = -2*x - 10. Let v be q(m). What is the greatest common factor of 2 and v?
1
Let r(b) = -b**3 - 2*b**2 + 2*b - 2. Let m be r(-3). Let l = 78 - 113. Let y = l + 37. Calculate the highest common factor of y and m.
1
Let f be (48/8)/((-3)/(-2)). Suppose -5*l = f*o - 15 - 12, -o - 3 = -2*l. Let x(q) = q - 2. Let r be x(4). Calculate the highest common divisor of r and o.
1
Suppose -5*k + 6337 = -6*k - q, 0 = 3*k + 2*q + 19012. Let n be k/(-22) + 1/(-11). What is the greatest common factor of n and 32?
32
Let i = -353 + 417. Calculate the highest common factor of 80 and i.
16
Suppose w = -0*w + 44. What is the highest common factor of w and 4?
4
Let o = 1 - -3. Let t(b) = -b**2 - 6*b + 1. Let p be t(-4). Let i be (5/(-25)*p)/(3/(-10)). Calculate the greatest common factor of o and i.
2
Let j be (8/10*3)/((-4)/(-60)). Suppose -54 + j = -3*w. Calculate the highest common divisor of 42 and w.
6
Suppose 3*l - 2*p = 2*l + 12, -6 = -3*p. Let w = -13 + l. Let g be 0 + 11*(9 + w). Calculate the highest common factor of 12 and g.
12
Let a be 20/2*2/4. Let i be 645/12 + (-10)/(-8). Suppose 124*r - 125*r + i = 0. Calculate the highest common factor of r and a.
5
Suppose 5*n - 15 = 8*n. Let q(m) = -2*m - 1. Let i be q(n). What is the greatest common divisor of 18 and i?
9
Let y(k) = k**2 + 39*k - 125. Let x be y(3). Let a(l) = -4 + 14*l + 0*l + 5. Let z be a(x). Calculate the greatest common divisor of 15 and z.
15
Let w = -131 + 133. Let h be w*-6*((-20)/8 + 2). What is the highest common divisor of h and 2?
2
Suppose -9 = 3*x - 192. Let m = x + 5. Calculate the greatest common factor of m and 11.
11
Suppose 6*w + 2 = 14. Let x = -2 - -2. Suppose 4*s = -x*s + 88. What is the greatest common divisor of s and w?
2
Let d be ((-20)/8)/(1/(-2)). Suppose d*x - 24 = x. Calculate the highest common factor of x and 3.
3
Suppose 4*n - 1210 = -18*n. Let h be (5 + n/(-10))*-14. Let i = 7 + 0. Calculate the highest common factor of i and h.
7
Let t(z) = -z**2 - 4*z + 14. Let j be t(-6). Let q be (-4303)/(-13) - (-1 + j). What is the greatest common divisor of q and 33?
33
Suppose -6*a = -5*r - a + 25, 0 = -4*r + 2*a + 14. Let v be (66/(-8))/(r/(-64)). Calculate the highest common divisor of 24 and v.
24
Suppose d + 8*p - 196 = 12*p, d - 191 = 3*p. What is the greatest common divisor of d and 33?
11
Let k(p) = -2 + 2*p**2 + 104*p - 116*p - 3. Let w = -2 - -11. Let r be k(w). Calculate the greatest common factor of 7 and r.
7
Let j = 332 + -323. Let b(y) = 21*y**2 + 2*y + 1. Let m be b(-2). What is the highest common divisor of m and j?
9
Let v be (-48)/(-9) + (-8)/(-12). Calculate the greatest common factor of v and 90.
6
Let z be (-2)/(-4)*10*1. Suppose 3*w + 3*g - 2*g = 38, z*w = 4*g + 69. Suppose -9*f = -104 - 715. What is the greatest common divisor of f and w?
13
Suppose 34*g = 1910 - 6. What is the greatest common factor of g and 192?
8
Let s = 678 - 102. What is the highest common factor of 72 and s?
72
Suppose 3*k = 5*l - 6 - 14, 0 = 4*k. Suppose h + l = 10. Let t be (28 - 27)/((1/30)/1). What is the greatest common divisor of t and h?
6
Let g(c) = 5*c - 6 + c**3 + 5*c - 4*c - 8*c**2. Let t be g(8). Let d(p) = p + 2. Let m be d(4). Calculate the highest common divisor of m and t.
6
Let g(n) = 13*n - 375. Let q be g(35). Calculate the highest common divisor of 280 and q.
40
Suppose -4*m = -3*m - b + 191, m = 4*b - 185. Let r = -129 - m. Let t = r + -45. What is the greatest common divisor of 133 and t?
19
Suppose -2016 = -45*s + 36*s. Suppose -4*d + 21 = -2*y - 37, -5*y = d - 9. Calculate the highest common factor of s and d.
14
Let j be (65/20 - 4) + (-295)/(-4). Calculate the highest common divisor of j and 1825.
73
Let t = -30 - -54. Let z = 40 - t. Calculate the highest common factor of z and 24.
8
Suppose x + 2*x + 21 = 0. Let q(k) = -2*k + 2*k**2 + 0*k**2 + 10*k - 8. Let u be q(x). What is the greatest common divisor of u and 85?
17
Suppose -8*p + 1497 - 1417 = 0. What is the highest common divisor of 730 and p?
10
Let y = 18 - 15. Let h be 9/y + 6/(-3). Let p(w) = w + 2. Let x be p(6). Calculate the greatest common divisor of x and h.
1
Let n(a) = -11*a - 290. Let s be n(-34). What is the greatest common divisor of s and 21?
21
Let x be 3/9*1*3. Let i be (-203)/(-5) + 3/(-30)*-4. Let u = -38 + i. What is the highest common factor of x and u?
1
Let k = -773 - -367. Let z be (-2)/(-1) + k/(-7). Let a be (20/15)/(2/z). What is the highest common factor of 16 and a?
8
Let p(w) = 7*w**2 + 7*w - 13. Let d be p(2). What is the highest common divisor of d and 2?
1
Suppose 4*p - 8*p + 24 = 0. Suppose -2*u + p*r - 3*r = -72, 4*u - r - 144 = 0. Calculate the highest common factor of u and 9.
9
Let p(h) = -h**3 + 14*h**2 + 24*h - 90. Let l be p(13). Calculate the greatest common factor of l and 92.
23
Let a(g) = 2*g**3 + 2*g**2 - 4*g + 2. Let r be a(2). Let p be -2 + (4 - (4 + -3)). Let k be 1/(p/(-54)*-3). What is the highest common factor of r and k?
18
Let c = 87 - 45. Suppose 0*b = 5*b - 5*y - 70, 0 = y. Calculate the highest common factor of c and b.
14
Let x(v) = -v**3 + v**2 - 2. Let k be x(0). Let q be (2 - 0) + k + 48. Suppose -q = -6*c - 0*c. What is the highest common divisor of c and 1?
1
Let o(h) = -3*h**3 - h**2 + 4*h**3 + 0*h**2 + 9*h**2 - 16*h - 2. Let m be o(-8). What is the highest common divisor of m and 7?
7
Suppose -4*u = -5*u - 3*s + 4, 0 = 3*u + s - 52. Calculate the highest common factor of 551 and u.
19
Let s = -277 - -307. What is the highest common divisor of s and 50?
10
Let c be ((-1508)/(-87))/(4/42). What is the greatest common factor of 42 and c?
14
Let d(z) = 4*z**2 + 2*z + 1. Let c be d(-1). Suppose 186 = -c*o + 9*o. What is the greatest common divisor of 31 and o?
31
Let w = 42 - 30. Let l = 36 + 10. Suppose 3*j - y = -0*y + 38, -y = 4*j - l. What is the greatest common factor of w and j?
12
Suppose 196 = r + 4*q, -6*r + 4*r - 4*q = -372. Calculate the greatest common divisor of 16 and r.
16
Let y(f) = 97*f - 1. Let n be y(1). Suppose -x = -5*m + 54, -164*m - 42 = -165*m - 5*x. What is the greatest common factor of n and m?
12
Suppose 4*t - 33 = 5*r, r + 2 = -t - 1. Suppose 0 = 3*c + 9, -c + 6 = 4*n - 23. Calculate the highest common factor of n and t.
2
Let l be (2*1)/((6/6)/(-5)). Let o be (-1902)/l - (-6)/(-120)*4. What is the greatest common divisor of o